{"id":4849,"date":"2024-05-31T15:39:20","date_gmt":"2024-05-31T13:39:20","guid":{"rendered":"http:\/\/psychoanalyse-duesseldorf.de.w020562b.kasserver.com\/cms\/?page_id=4849"},"modified":"2026-01-14T12:30:19","modified_gmt":"2026-01-14T11:30:19","slug":"sekretariat","status":"publish","type":"page","link":"https:\/\/www.psychoanalyse-duesseldorf.de\/?page_id=4849","title":{"rendered":"Sekretariat"},"content":{"rendered":"\n<div class=\"wp-block-columns tw-cols-card tw-cols-card-shadow is-layout-flex wp-container-core-columns-is-layout-d0b3c9c8 wp-block-columns-is-layout-flex\">\n<div class=\"wp-block-column is-layout-flow wp-block-column-is-layout-flow\" style=\"--col-width:100%;flex-basis:100%\">\n<div class=\"wp-block-group\"><div class=\"wp-block-group__inner-container is-layout-constrained wp-block-group-is-layout-constrained\">\n<h3 class=\"wp-block-heading\">Anschrift<\/h3>\n\n\n\n<p>Institut f\u00fcr Psychoanalyse und Psychotherapie D\u00fcsseldorf e.V.<br>Freiligrathstr. 13<br>40479 D\u00fcsseldorf<\/p>\n\n\n\n<p><\/p>\n\n\n\n<p>Barbara Franke, M.A.<br>Tel.: +49 211 1719917<br>Fax: +49 211 17129839<br>E-Mail: <a href=\"mailto:sekretariat@ipd-net.de\">sekretariat@ipd-net.de<\/a><br><\/p>\n\n\n\n<h3 class=\"wp-block-heading\">Sprechzeit<\/h3>\n\n\n\n<p>montags 15:30 bis 20:30 Uhr <\/p>\n\n\n\n<p><\/p>\n\n\n\n<p><strong>Anfragen und Antr\u00e4ge<\/strong> zur Aus- und Weiterbildung analytische \/tiefenpsychologische Psychotherapie (Erwachsene) und Analytische Kinder- und Jugendlichenpsychotherapie richten Sie bitte an das Sekretariat.<\/p>\n\n\n\n<h3 class=\"wp-block-heading\">Bankverbindung<\/h3>\n\n\n\n<p>Deutsche Apotheker- und \u00c4rztebank<br>IBAN: DE91 3006 0601 0004 0906 59<br>BIC: DAAEDEDDXXX<\/p>\n<\/div><\/div>\n<\/div>\n<\/div>\n\n\n\n<div class=\"wp-block-buttons has-custom-font-size has-extra-small-font-size is-content-justification-right is-layout-flex wp-container-core-buttons-is-layout-a6d96f85 wp-block-buttons-is-layout-flex\">\n<div class=\"wp-block-button\"><a class=\"wp-block-button__link has-white-color has-text-color has-background has-link-color wp-element-button\" href=\"https:\/\/www.psychoanalyse-duesseldorf.de\/cms\/?page_id=4495\" style=\"background-color:#891039\">Zur\u00fcck zu &#8222;Gremien&#8220;<\/a><\/div>\n<\/div>\n","protected":false},"excerpt":{"rendered":"<p>Anschrift Institut f\u00fcr Psychoanalyse und Psychotherapie D\u00fcsseldorf e.V.Freiligrathstr. 1340479 D\u00fcsseldorf Barbara Franke, M.A.Tel.: +49 211 1719917Fax: +49 211 17129839E-Mail: sekretariat@ipd-net.de Sprechzeit montags 15:30 bis 20:30 Uhr Anfragen und Antr\u00e4ge zur Aus- und Weiterbildung analytische \/tiefenpsychologische Psychotherapie (Erwachsene) und Analytische Kinder- und Jugendlichenpsychotherapie richten Sie bitte an das Sekretariat. Bankverbindung Deutsche Apotheker- und \u00c4rztebankIBAN: DE91 3006&hellip; <a class=\"more-link\" href=\"https:\/\/www.psychoanalyse-duesseldorf.de\/?page_id=4849\"><span class=\"screen-reader-text\">Sekretariat<\/span> weiterlesen<\/a><\/p>\n","protected":false},"author":2,"featured_media":0,"parent":0,"menu_order":0,"comment_status":"closed","ping_status":"closed","template":"","meta":{"footnotes":""},"class_list":["post-4849","page","type-page","status-publish","hentry","entry"],"_links":{"self":[{"href":"https:\/\/www.psychoanalyse-duesseldorf.de\/index.php?rest_route=\/wp\/v2\/pages\/4849","targetHints":{"allow":["GET"]}}],"collection":[{"href":"https:\/\/www.psychoanalyse-duesseldorf.de\/index.php?rest_route=\/wp\/v2\/pages"}],"about":[{"href":"https:\/\/www.psychoanalyse-duesseldorf.de\/index.php?rest_route=\/wp\/v2\/types\/page"}],"author":[{"embeddable":true,"href":"https:\/\/www.psychoanalyse-duesseldorf.de\/index.php?rest_route=\/wp\/v2\/users\/2"}],"replies":[{"embeddable":true,"href":"https:\/\/www.psychoanalyse-duesseldorf.de\/index.php?rest_route=%2Fwp%2Fv2%2Fcomments&post=4849"}],"version-history":[{"count":9,"href":"https:\/\/www.psychoanalyse-duesseldorf.de\/index.php?rest_route=\/wp\/v2\/pages\/4849\/revisions"}],"predecessor-version":[{"id":5282,"href":"https:\/\/www.psychoanalyse-duesseldorf.de\/index.php?rest_route=\/wp\/v2\/pages\/4849\/revisions\/5282"}],"wp:attachment":[{"href":"https:\/\/www.psychoanalyse-duesseldorf.de\/index.php?rest_route=%2Fwp%2Fv2%2Fmedia&parent=4849"}],"curies":[{"name":"wp","href":"https:\/\/api.w.org\/{rel}","templated":true}]}}