{"id":40,"date":"2016-12-27T18:14:45","date_gmt":"2016-12-27T17:14:45","guid":{"rendered":"http:\/\/psychoanalyse-duesseldorf.de.w020562b.kasserver.com\/cms\/cms\/?page_id=40"},"modified":"2024-04-25T12:59:41","modified_gmt":"2024-04-25T10:59:41","slug":"semesterprogramm","status":"publish","type":"page","link":"https:\/\/www.psychoanalyse-duesseldorf.de\/?page_id=40","title":{"rendered":"Semesterprogramm"},"content":{"rendered":"\n<div class=\"wp-block-columns tw-cols-card tw-cols-card-shadow is-layout-flex wp-container-core-columns-is-layout-d0b3c9c8 wp-block-columns-is-layout-flex\">\n<div class=\"wp-block-column is-layout-flow wp-block-column-is-layout-flow\" style=\"--col-width:100%;flex-basis:100%\">\n<div class=\"wp-block-group\"><div class=\"wp-block-group__inner-container is-layout-constrained wp-block-group-is-layout-constrained\">\n<p>Die Aus- und Weiterbildungsveranstaltungen des IPD finden ganzj\u00e4hrig statt \u2013 mit deutlich weniger Terminen in den Schulferien. Das Sommersemester geht vom 1.4 \u2013 30.9 eines Jahres. Das Wintersemester beginnt am 1.10 und endet am 30.3 des Folgejahres.<\/p>\n\n\n\n<p><a><\/a> Das instituts\u00fcbergreifende Curriculum der DGPT-VAKJP-NRW Institute wird quartalsm\u00e4\u00dfig aktualisiert, da die Institute verschiedene Planungszeiten haben und umfasst jeweils auch Termine etwa \u00fcber ein halbes Jahr.<\/p>\n\n\n\n<p>Die kooperierenden Einrichtungen des IPD sowie die Arbeitsgruppen aktualisieren ihre Veranstaltungshinweise halbj\u00e4hrig (ca. Anfang M\u00e4rz und Anfang September) zusammen mit dem Semesterprogramm der Aus- und Weiterbildung.<\/p>\n<\/div><\/div>\n<\/div>\n<\/div>\n\n\n\n<div class=\"wp-block-columns tw-cols-card tw-cols-card-shadow is-layout-flex wp-container-core-columns-is-layout-d0b3c9c8 wp-block-columns-is-layout-flex\">\n<div class=\"wp-block-column is-layout-flow wp-block-column-is-layout-flow\" style=\"--col-width:100%;flex-basis:100%\">\n<figure class=\"wp-block-image size-full\"><img loading=\"lazy\" decoding=\"async\" width=\"1024\" height=\"683\" src=\"https:\/\/www.psychoanalyse-duesseldorf.de\/cms\/wp-content\/uploads\/2022\/05\/IPD_292_SeminarFlipchart_7.jpg\" alt=\"\" class=\"wp-image-3692\" srcset=\"https:\/\/www.psychoanalyse-duesseldorf.de\/cms\/wp-content\/uploads\/2022\/05\/IPD_292_SeminarFlipchart_7.jpg 1024w, https:\/\/www.psychoanalyse-duesseldorf.de\/cms\/wp-content\/uploads\/2022\/05\/IPD_292_SeminarFlipchart_7-300x200.jpg 300w, https:\/\/www.psychoanalyse-duesseldorf.de\/cms\/wp-content\/uploads\/2022\/05\/IPD_292_SeminarFlipchart_7-768x512.jpg 768w\" sizes=\"auto, (max-width: 1024px) 100vw, 1024px\" \/><\/figure>\n<\/div>\n<\/div>\n","protected":false},"excerpt":{"rendered":"<p>Die Aus- und Weiterbildungsveranstaltungen des IPD finden ganzj\u00e4hrig statt \u2013 mit deutlich weniger Terminen in den Schulferien. Das Sommersemester geht vom 1.4 \u2013 30.9 eines Jahres. Das Wintersemester beginnt am 1.10 und endet am 30.3 des Folgejahres. Das instituts\u00fcbergreifende Curriculum der DGPT-VAKJP-NRW Institute wird quartalsm\u00e4\u00dfig aktualisiert, da die Institute verschiedene Planungszeiten haben und umfasst jeweils&hellip; <a class=\"more-link\" href=\"https:\/\/www.psychoanalyse-duesseldorf.de\/?page_id=40\"><span class=\"screen-reader-text\">Semesterprogramm<\/span> weiterlesen<\/a><\/p>\n","protected":false},"author":1,"featured_media":0,"parent":0,"menu_order":7,"comment_status":"closed","ping_status":"closed","template":"","meta":{"footnotes":""},"class_list":["post-40","page","type-page","status-publish","hentry","entry"],"_links":{"self":[{"href":"https:\/\/www.psychoanalyse-duesseldorf.de\/index.php?rest_route=\/wp\/v2\/pages\/40","targetHints":{"allow":["GET"]}}],"collection":[{"href":"https:\/\/www.psychoanalyse-duesseldorf.de\/index.php?rest_route=\/wp\/v2\/pages"}],"about":[{"href":"https:\/\/www.psychoanalyse-duesseldorf.de\/index.php?rest_route=\/wp\/v2\/types\/page"}],"author":[{"embeddable":true,"href":"https:\/\/www.psychoanalyse-duesseldorf.de\/index.php?rest_route=\/wp\/v2\/users\/1"}],"replies":[{"embeddable":true,"href":"https:\/\/www.psychoanalyse-duesseldorf.de\/index.php?rest_route=%2Fwp%2Fv2%2Fcomments&post=40"}],"version-history":[{"count":4,"href":"https:\/\/www.psychoanalyse-duesseldorf.de\/index.php?rest_route=\/wp\/v2\/pages\/40\/revisions"}],"predecessor-version":[{"id":4490,"href":"https:\/\/www.psychoanalyse-duesseldorf.de\/index.php?rest_route=\/wp\/v2\/pages\/40\/revisions\/4490"}],"wp:attachment":[{"href":"https:\/\/www.psychoanalyse-duesseldorf.de\/index.php?rest_route=%2Fwp%2Fv2%2Fmedia&parent=40"}],"curies":[{"name":"wp","href":"https:\/\/api.w.org\/{rel}","templated":true}]}}

<div class="wp-block-columns tw-cols-card tw-cols-card-shadow is-layout-flex wp-container-core-columns-is-layout-d0b3c9c8 wp-block-columns-is-layout-flex">
<div class="wp-block-column is-layout-flow wp-block-column-is-layout-flow" style="--col-width:100%;flex-basis:100%">
<div class="wp-block-group"><div class="wp-block-group__inner-container is-layout-constrained wp-block-group-is-layout-constrained">
<p>Die Aus- und Weiterbildungsveranstaltungen des IPD finden ganzjährig statt – mit deutlich weniger Terminen in den Schulferien. Das Sommersemester geht vom 1.4 – 30.9 eines Jahres. Das Wintersemester beginnt am 1.10 und endet am 30.3 des Folgejahres.</p>



<p><a></a> Das institutsübergreifende Curriculum der DGPT-VAKJP-NRW Institute wird quartalsmäßig aktualisiert, da die Institute verschiedene Planungszeiten haben und umfasst jeweils auch Termine etwa über ein halbes Jahr.</p>



<p>Die kooperierenden Einrichtungen des IPD sowie die Arbeitsgruppen aktualisieren ihre Veranstaltungshinweise halbjährig (ca. Anfang März und Anfang September) zusammen mit dem Semesterprogramm der Aus- und Weiterbildung.</p>
</div></div>
</div>
</div>



<div class="wp-block-columns tw-cols-card tw-cols-card-shadow is-layout-flex wp-container-core-columns-is-layout-d0b3c9c8 wp-block-columns-is-layout-flex">
<div class="wp-block-column is-layout-flow wp-block-column-is-layout-flow" style="--col-width:100%;flex-basis:100%">
<figure class="wp-block-image size-full"><img loading="lazy" decoding="async" width="1024" height="683" src="https://www.psychoanalyse-duesseldorf.de/cms/wp-content/uploads/2022/05/IPD_292_SeminarFlipchart_7.jpg" alt="" class="wp-image-3692" srcset="https://www.psychoanalyse-duesseldorf.de/cms/wp-content/uploads/2022/05/IPD_292_SeminarFlipchart_7.jpg 1024w, https://www.psychoanalyse-duesseldorf.de/cms/wp-content/uploads/2022/05/IPD_292_SeminarFlipchart_7-300x200.jpg 300w, https://www.psychoanalyse-duesseldorf.de/cms/wp-content/uploads/2022/05/IPD_292_SeminarFlipchart_7-768x512.jpg 768w" sizes="auto, (max-width: 1024px) 100vw, 1024px" /></figure>
</div>
</div>

<p>Die Aus- und Weiterbildungsveranstaltungen des IPD finden ganzjährig statt – mit deutlich weniger Terminen in den Schulferien. Das Sommersemester geht vom 1.4 – 30.9 eines Jahres. Das Wintersemester beginnt am 1.10 und endet am 30.3 des Folgejahres. Das institutsübergreifende Curriculum der DGPT-VAKJP-NRW Institute wird quartalsmäßig aktualisiert, da die Institute verschiedene Planungszeiten haben und umfasst jeweils&hellip; <a class="more-link" href="https://www.psychoanalyse-duesseldorf.de/?page_id=40"><span class="screen-reader-text">Semesterprogramm</span> weiterlesen</a></p>
