{"id":240,"date":"2016-12-29T09:22:45","date_gmt":"2016-12-29T08:22:45","guid":{"rendered":"http:\/\/psychoanalyse-duesseldorf.de.w020562b.kasserver.com\/cms\/cms\/?page_id=240"},"modified":"2024-04-29T16:28:13","modified_gmt":"2024-04-29T14:28:13","slug":"akademie-fuer-psychoanalyse-und-psychosomatik","status":"publish","type":"page","link":"https:\/\/www.psychoanalyse-duesseldorf.de\/?page_id=240","title":{"rendered":"Akademie f\u00fcr Psychoanalyse und Psychosomatik"},"content":{"rendered":"\n<div class=\"wp-block-columns tw-cols-card tw-cols-card-shadow is-layout-flex wp-container-core-columns-is-layout-d0b3c9c8 wp-block-columns-is-layout-flex\">\n<div class=\"wp-block-column is-layout-flow wp-block-column-is-layout-flow\" style=\"--col-width:100%;flex-basis:100%\">\n<div class=\"wp-block-group\"><div class=\"wp-block-group__inner-container is-layout-constrained wp-block-group-is-layout-constrained\">\n<p>Die Akademie f\u00fcr Psychoanalyse und Psychosomatik D\u00fcsseldorf e.V. wurde 1996 in Verbindung mit dem Klinischen Institut und der Klinik f\u00fcr Psychosomatische Medizin und Psychotherapie der Heinrich-Heine-Universit\u00e4t gegr\u00fcndet. Sie besteht aus neun Mitgliedsinstituten und f\u00fchrt engagierte Personen aus dem breiten gesellschaftlichen Spektrum psychoanalytisch-fundierter Berufe sowie interessierte Laien zusammen. Das IPD ist ein Institut der Akademie.<\/p>\n\n\n\n<p>Neben \u00c4rzt_innen und Psycholog_innen tragen Sozialwissenschaftler_innen und Philosoph_innen dazu bei, die kultur- und gesellschaftskritische Potenz der Psychoanalyse zu wahren und fortzuentwickeln. Die Akademie versteht sich auch als Forum zur Vermittlung psychoanalytischer Kompetenzen. Berufspraktische und theoretische Kenntnisse werden in einem breit gef\u00e4cherten Weiterbildungs- und Fortbildungsangebot zug\u00e4nglich gemacht.<\/p>\n\n\n\n<div class=\"wp-block-group has-subtle-background-color has-background\"><div class=\"wp-block-group__inner-container is-layout-constrained wp-block-group-is-layout-constrained\">\n<p class=\"has-large-font-size\">Link:<\/p>\n\n\n\n<p><a href=\"https:\/\/www.akademie-psychoanalyse-duesseldorf.org\/\">Akademie f\u00fcr Psychoanalyse und Psychosomatik D\u00fcsseldorf e.V.<\/a><\/p>\n<\/div><\/div>\n<\/div><\/div>\n<\/div>\n<\/div>\n","protected":false},"excerpt":{"rendered":"<p>Die Akademie f\u00fcr Psychoanalyse und Psychosomatik D\u00fcsseldorf e.V. wurde 1996 in Verbindung mit dem Klinischen Institut und der Klinik f\u00fcr Psychosomatische Medizin und Psychotherapie der Heinrich-Heine-Universit\u00e4t gegr\u00fcndet. Sie besteht aus neun Mitgliedsinstituten und f\u00fchrt engagierte Personen aus dem breiten gesellschaftlichen Spektrum psychoanalytisch-fundierter Berufe sowie interessierte Laien zusammen. Das IPD ist ein Institut der Akademie. Neben&hellip; <a class=\"more-link\" href=\"https:\/\/www.psychoanalyse-duesseldorf.de\/?page_id=240\"><span class=\"screen-reader-text\">Akademie f\u00fcr Psychoanalyse und Psychosomatik<\/span> weiterlesen<\/a><\/p>\n","protected":false},"author":1,"featured_media":0,"parent":19,"menu_order":9,"comment_status":"closed","ping_status":"closed","template":"","meta":{"footnotes":""},"class_list":["post-240","page","type-page","status-publish","hentry","entry"],"_links":{"self":[{"href":"https:\/\/www.psychoanalyse-duesseldorf.de\/index.php?rest_route=\/wp\/v2\/pages\/240","targetHints":{"allow":["GET"]}}],"collection":[{"href":"https:\/\/www.psychoanalyse-duesseldorf.de\/index.php?rest_route=\/wp\/v2\/pages"}],"about":[{"href":"https:\/\/www.psychoanalyse-duesseldorf.de\/index.php?rest_route=\/wp\/v2\/types\/page"}],"author":[{"embeddable":true,"href":"https:\/\/www.psychoanalyse-duesseldorf.de\/index.php?rest_route=\/wp\/v2\/users\/1"}],"replies":[{"embeddable":true,"href":"https:\/\/www.psychoanalyse-duesseldorf.de\/index.php?rest_route=%2Fwp%2Fv2%2Fcomments&post=240"}],"version-history":[{"count":3,"href":"https:\/\/www.psychoanalyse-duesseldorf.de\/index.php?rest_route=\/wp\/v2\/pages\/240\/revisions"}],"predecessor-version":[{"id":4350,"href":"https:\/\/www.psychoanalyse-duesseldorf.de\/index.php?rest_route=\/wp\/v2\/pages\/240\/revisions\/4350"}],"up":[{"embeddable":true,"href":"https:\/\/www.psychoanalyse-duesseldorf.de\/index.php?rest_route=\/wp\/v2\/pages\/19"}],"wp:attachment":[{"href":"https:\/\/www.psychoanalyse-duesseldorf.de\/index.php?rest_route=%2Fwp%2Fv2%2Fmedia&parent=240"}],"curies":[{"name":"wp","href":"https:\/\/api.w.org\/{rel}","templated":true}]}}