{"id":215,"date":"2016-12-29T08:52:30","date_gmt":"2016-12-29T07:52:30","guid":{"rendered":"http:\/\/psychoanalyse-duesseldorf.de.w020562b.kasserver.com\/cms\/cms\/?page_id=215"},"modified":"2024-04-23T10:54:03","modified_gmt":"2024-04-23T08:54:03","slug":"christoph-tangen-petraitis","status":"publish","type":"page","link":"https:\/\/www.psychoanalyse-duesseldorf.de\/?page_id=215","title":{"rendered":"Christoph Tangen-Petraitis"},"content":{"rendered":"\n<div class=\"wp-block-columns tw-cols-card tw-cols-card-shadow is-layout-flex wp-container-core-columns-is-layout-d0b3c9c8 wp-block-columns-is-layout-flex\">\n<div class=\"wp-block-column is-layout-flow wp-block-column-is-layout-flow\" style=\"--col-width:100%;flex-basis:100%\">\n<div class=\"wp-block-group\"><div class=\"wp-block-group__inner-container is-layout-constrained wp-block-group-is-layout-constrained\">\n<p class=\"has-text-align-left\">Agora 2\/2016 D\u00fcsseldorfer Beitr\u00e4ge zu Psychoanalyse und Gesellschaft<br>Christoph Tangen-Petraitis:<br>\u201cDer Geschmack von Rost und Knochen\u201d<\/p>\n\n\n\n<p class=\"has-text-align-left\">Maria Lauer, Christoph Tangen-Petraitis:<br>Behagen und Unbehagen in der niederfrequenten analytischen Psychotherapie<br>Forum der Psychoanalyse, Band 30, Heft 4 Dezember 2014<\/p>\n\n\n\n<p class=\"has-text-align-left\">Peter Giesers +, Christoph Tangen-Petraitis:<br>R\u00fcckkehr zu den V\u00e4tern \u2013 Vers\u00f6hnung mit den T\u00e4tern? Tendenzen zur Re-Idealisierung in Psychotherapie im Alter 4\/11.Jg.2014, Psychosozial-Verlag<\/p>\n\n\n\n<p class=\"has-text-align-left\">von der Stein, Hinze (Hrsg): Psychotherapie im Alter, 3\/10 Jg. 2013<br>Peter Giesers +, Christoph Tangen-Petraitis:<br>\u201eHeimat am Obersalzberg\u201c, Die Sehnsucht nach Vers\u00f6hnung mit dem geliebten T\u00e4ter-Vater am Beispiel der Vater-Sohn-Beziehung von Veit und Thomas Harlan<\/p>\n\n\n\n<p class=\"has-text-align-left\">Agora 2013, D\u00fcsseldorfer Beitr\u00e4ge zu Psychoanalyse und Gesellschaft<br>Peter Giesers +, Christoph Tangen-Petraitis:<br>Veit \u2013 und Thomas Harlan \u2013 Wendungen einer traumatischen Vater-Sohn-Beziehung<\/p>\n\n\n\n<p class=\"has-text-align-left\">Agora 09\/2007, D\u00fcsseldorfer Beitr\u00e4ge zu Psychoanalyse und Gesellschaft<br>Christoph Tangen-Petraitis:<br>Ver\u00e4nderung braucht Zeit \u2013 Beobachtungen aus niederfrequenten analytischen Psychotherapien<\/p>\n<\/div><\/div>\n<\/div>\n<\/div>\n","protected":false},"excerpt":{"rendered":"<p>Agora 2\/2016 D\u00fcsseldorfer Beitr\u00e4ge zu Psychoanalyse und GesellschaftChristoph Tangen-Petraitis:\u201cDer Geschmack von Rost und Knochen\u201d Maria Lauer, Christoph Tangen-Petraitis:Behagen und Unbehagen in der niederfrequenten analytischen PsychotherapieForum der Psychoanalyse, Band 30, Heft 4 Dezember 2014 Peter Giesers +, Christoph Tangen-Petraitis:R\u00fcckkehr zu den V\u00e4tern \u2013 Vers\u00f6hnung mit den T\u00e4tern? Tendenzen zur Re-Idealisierung in Psychotherapie im Alter 4\/11.Jg.2014, Psychosozial-Verlag&hellip; <a class=\"more-link\" href=\"https:\/\/www.psychoanalyse-duesseldorf.de\/?page_id=215\"><span class=\"screen-reader-text\">Christoph Tangen-Petraitis<\/span> weiterlesen<\/a><\/p>\n","protected":false},"author":1,"featured_media":0,"parent":187,"menu_order":13,"comment_status":"closed","ping_status":"closed","template":"","meta":{"footnotes":""},"class_list":["post-215","page","type-page","status-publish","hentry","entry"],"_links":{"self":[{"href":"https:\/\/www.psychoanalyse-duesseldorf.de\/index.php?rest_route=\/wp\/v2\/pages\/215","targetHints":{"allow":["GET"]}}],"collection":[{"href":"https:\/\/www.psychoanalyse-duesseldorf.de\/index.php?rest_route=\/wp\/v2\/pages"}],"about":[{"href":"https:\/\/www.psychoanalyse-duesseldorf.de\/index.php?rest_route=\/wp\/v2\/types\/page"}],"author":[{"embeddable":true,"href":"https:\/\/www.psychoanalyse-duesseldorf.de\/index.php?rest_route=\/wp\/v2\/users\/1"}],"replies":[{"embeddable":true,"href":"https:\/\/www.psychoanalyse-duesseldorf.de\/index.php?rest_route=%2Fwp%2Fv2%2Fcomments&post=215"}],"version-history":[{"count":2,"href":"https:\/\/www.psychoanalyse-duesseldorf.de\/index.php?rest_route=\/wp\/v2\/pages\/215\/revisions"}],"predecessor-version":[{"id":4327,"href":"https:\/\/www.psychoanalyse-duesseldorf.de\/index.php?rest_route=\/wp\/v2\/pages\/215\/revisions\/4327"}],"up":[{"embeddable":true,"href":"https:\/\/www.psychoanalyse-duesseldorf.de\/index.php?rest_route=\/wp\/v2\/pages\/187"}],"wp:attachment":[{"href":"https:\/\/www.psychoanalyse-duesseldorf.de\/index.php?rest_route=%2Fwp%2Fv2%2Fmedia&parent=215"}],"curies":[{"name":"wp","href":"https:\/\/api.w.org\/{rel}","templated":true}]}}

<div class="wp-block-columns tw-cols-card tw-cols-card-shadow is-layout-flex wp-container-core-columns-is-layout-d0b3c9c8 wp-block-columns-is-layout-flex">
<div class="wp-block-column is-layout-flow wp-block-column-is-layout-flow" style="--col-width:100%;flex-basis:100%">
<div class="wp-block-group"><div class="wp-block-group__inner-container is-layout-constrained wp-block-group-is-layout-constrained">
<p class="has-text-align-left">Agora 2/2016 Düsseldorfer Beiträge zu Psychoanalyse und Gesellschaft<br>Christoph Tangen-Petraitis:<br>“Der Geschmack von Rost und Knochen”</p>



<p class="has-text-align-left">Maria Lauer, Christoph Tangen-Petraitis:<br>Behagen und Unbehagen in der niederfrequenten analytischen Psychotherapie<br>Forum der Psychoanalyse, Band 30, Heft 4 Dezember 2014</p>



<p class="has-text-align-left">Peter Giesers +, Christoph Tangen-Petraitis:<br>Rückkehr zu den Vätern – Versöhnung mit den Tätern? Tendenzen zur Re-Idealisierung in Psychotherapie im Alter 4/11.Jg.2014, Psychosozial-Verlag</p>



<p class="has-text-align-left">von der Stein, Hinze (Hrsg): Psychotherapie im Alter, 3/10 Jg. 2013<br>Peter Giesers +, Christoph Tangen-Petraitis:<br>„Heimat am Obersalzberg“, Die Sehnsucht nach Versöhnung mit dem geliebten Täter-Vater am Beispiel der Vater-Sohn-Beziehung von Veit und Thomas Harlan</p>



<p class="has-text-align-left">Agora 2013, Düsseldorfer Beiträge zu Psychoanalyse und Gesellschaft<br>Peter Giesers +, Christoph Tangen-Petraitis:<br>Veit – und Thomas Harlan – Wendungen einer traumatischen Vater-Sohn-Beziehung</p>



<p class="has-text-align-left">Agora 09/2007, Düsseldorfer Beiträge zu Psychoanalyse und Gesellschaft<br>Christoph Tangen-Petraitis:<br>Veränderung braucht Zeit – Beobachtungen aus niederfrequenten analytischen Psychotherapien</p>
</div></div>
</div>
</div>

<p>Agora 2/2016 Düsseldorfer Beiträge zu Psychoanalyse und GesellschaftChristoph Tangen-Petraitis:“Der Geschmack von Rost und Knochen” Maria Lauer, Christoph Tangen-Petraitis:Behagen und Unbehagen in der niederfrequenten analytischen PsychotherapieForum der Psychoanalyse, Band 30, Heft 4 Dezember 2014 Peter Giesers +, Christoph Tangen-Petraitis:Rückkehr zu den Vätern – Versöhnung mit den Tätern? Tendenzen zur Re-Idealisierung in Psychotherapie im Alter 4/11.Jg.2014, Psychosozial-Verlag&hellip; <a class="more-link" href="https://www.psychoanalyse-duesseldorf.de/?page_id=215"><span class="screen-reader-text">Christoph Tangen-Petraitis</span> weiterlesen</a></p>
