{"id":198,"date":"2016-12-29T08:40:30","date_gmt":"2016-12-29T07:40:30","guid":{"rendered":"http:\/\/psychoanalyse-duesseldorf.de.w020562b.kasserver.com\/cms\/cms\/?page_id=198"},"modified":"2024-04-23T10:24:17","modified_gmt":"2024-04-23T08:24:17","slug":"elke-horn","status":"publish","type":"page","link":"https:\/\/www.psychoanalyse-duesseldorf.de\/?page_id=198","title":{"rendered":"Elke Horn"},"content":{"rendered":"\n<div class=\"wp-block-columns tw-cols-card tw-cols-card-shadow is-layout-flex wp-container-core-columns-is-layout-d0b3c9c8 wp-block-columns-is-layout-flex\">\n<div class=\"wp-block-column is-layout-flow wp-block-column-is-layout-flow\" style=\"--col-width:100%;flex-basis:100%\">\n<div class=\"wp-block-group\"><div class=\"wp-block-group__inner-container is-layout-constrained wp-block-group-is-layout-constrained\">\n<p>Elke Horn (2020): Group phenomena in working through the past. In: Gobodo-Madikizela, P. (ed.), History, Trauma and Shame. Engaging the Past through Second Generation Dialogue. Routledge, London 2020, 149 &#8211; 186<\/p>\n\n\n\n<p>Ingo Focke, Elke Horn, Werner Pohlmann (Hrsg.) (2016): Erregter Stillstand. Narzissmus zwischen Wahn und Wirklichkeit. Stuttgart, Klett-Cotta<\/p>\n\n\n\n<p>E. Horn (2014): Was tun mit dem transgenerationalen Erbe: von der Abwehr durch Spaltung zum Dialog. In: Mor\u00e9, Lohl (Hg.): Unbewu\u00dfte Erbschaften des Nationalsozialismus. Psychoanalytische, sozialpsychologische und historische Studien. Psychosozial-Verlag, Gie\u00dfen 2014, 249 &#8211; 270<\/p>\n\n\n\n<p>E. Horn (2011): Momente der Ber\u00fchrung und Ihre Zerst\u00f6rung: T\u00e4ter \u2013 und Opfer-Introjekte bei der Tochter einer \u00fcberzeugten Nationalsozialistin, In: Wellendorf, Frommer, Diederichs (Hrsg.), Innere und \u00c4u\u00dfere Realit\u00e4t, Klett-Cotta, Stuttgart 2011, 283 &#8211; 294<\/p>\n\n\n\n<p class=\"has-text-align-left\">Elke Horn (2011):Die milit\u00e4rischen Aufbaugenerationen der Bundeswehr:Versuch einer psychohistorischen Problematisierung. In:Helmut R.Hammerich und Rudolf J.Schlaffer:Milit\u00e4rische Aufbaugenerationen der Bundeswehr 1955 bis 1970, Ausgew\u00e4hlte Biografien<\/p>\n\n\n\n<p class=\"has-text-align-left\">Elke Horn (2009): Transgenerationelle Weitergabe von Kriegstraumatisierungen: Wenn Trauern nicht geling \u2013 eine Fallstudie \u00fcber drei Generationen, in: Franz Wellendorf\/ Thomas Wesle (Hrsg.), \u00dcber die (Un)M\u00f6glichkeit zu trauern, klett-cotta, Stuttgart 2009<\/p>\n\n\n\n<p class=\"has-text-align-left\">Volker Tschuschke, Rainer Weber, <strong>Elke Horn<\/strong>, Peter Kiencke und Wolfgang Tress (2007): Ambulante psychodynamische Kurzgruppenpsychotherapie bei Patienten mit somatoformen St\u00f6rungen.Z.Psychiatr., Psychol. Psychother 55 (2) 2007, 87 \u2013 95<\/p>\n\n\n\n<p class=\"has-text-align-left\">Elke Horn, Silke Gervers (2003): \u00dcber den allgemein\u00e4rztlichen Umgang mit Patienten, die sich in Psychotherapie befinden. Z.Allg.Med.2003, 79:223 \u2013 227<\/p>\n\n\n\n<p class=\"has-text-align-left\">Elke Horn (2000): \u00dcber den \u00e4rztlichen Umgang mit Patienten mit somatoformen St\u00f6rungen. Z.Allg.Med. 2000, 76: 127 \u2013 131<\/p>\n\n\n\n<p class=\"has-text-align-left\">Elke Horn (1994):Soziologische Systemtheorie und systemische Familientherapie: Einige Anmerkungen zu den M\u00f6glichkeiten eines Dialogs, in: A.Herlth, E.J.Brunner, H.Tyrell, J.Kriz(Hrsg.), Abschied von der Normalfamilie? Partnerschaft kontra Elternschaft, Springer-Verlag Berlin \u2013 Heidelberg 1994<\/p>\n<\/div><\/div>\n<\/div>\n<\/div>\n","protected":false},"excerpt":{"rendered":"<p>Elke Horn (2020): Group phenomena in working through the past. In: Gobodo-Madikizela, P. (ed.), History, Trauma and Shame. Engaging the Past through Second Generation Dialogue. Routledge, London 2020, 149 &#8211; 186 Ingo Focke, Elke Horn, Werner Pohlmann (Hrsg.) (2016): Erregter Stillstand. Narzissmus zwischen Wahn und Wirklichkeit. Stuttgart, Klett-Cotta E. Horn (2014): Was tun mit dem&hellip; <a class=\"more-link\" href=\"https:\/\/www.psychoanalyse-duesseldorf.de\/?page_id=198\"><span class=\"screen-reader-text\">Elke Horn<\/span> weiterlesen<\/a><\/p>\n","protected":false},"author":1,"featured_media":0,"parent":187,"menu_order":5,"comment_status":"closed","ping_status":"closed","template":"","meta":{"footnotes":""},"class_list":["post-198","page","type-page","status-publish","hentry","entry"],"_links":{"self":[{"href":"https:\/\/www.psychoanalyse-duesseldorf.de\/index.php?rest_route=\/wp\/v2\/pages\/198","targetHints":{"allow":["GET"]}}],"collection":[{"href":"https:\/\/www.psychoanalyse-duesseldorf.de\/index.php?rest_route=\/wp\/v2\/pages"}],"about":[{"href":"https:\/\/www.psychoanalyse-duesseldorf.de\/index.php?rest_route=\/wp\/v2\/types\/page"}],"author":[{"embeddable":true,"href":"https:\/\/www.psychoanalyse-duesseldorf.de\/index.php?rest_route=\/wp\/v2\/users\/1"}],"replies":[{"embeddable":true,"href":"https:\/\/www.psychoanalyse-duesseldorf.de\/index.php?rest_route=%2Fwp%2Fv2%2Fcomments&post=198"}],"version-history":[{"count":3,"href":"https:\/\/www.psychoanalyse-duesseldorf.de\/index.php?rest_route=\/wp\/v2\/pages\/198\/revisions"}],"predecessor-version":[{"id":4311,"href":"https:\/\/www.psychoanalyse-duesseldorf.de\/index.php?rest_route=\/wp\/v2\/pages\/198\/revisions\/4311"}],"up":[{"embeddable":true,"href":"https:\/\/www.psychoanalyse-duesseldorf.de\/index.php?rest_route=\/wp\/v2\/pages\/187"}],"wp:attachment":[{"href":"https:\/\/www.psychoanalyse-duesseldorf.de\/index.php?rest_route=%2Fwp%2Fv2%2Fmedia&parent=198"}],"curies":[{"name":"wp","href":"https:\/\/api.w.org\/{rel}","templated":true}]}}