{"id":19,"date":"2016-12-27T17:18:13","date_gmt":"2016-12-27T16:18:13","guid":{"rendered":"http:\/\/psychoanalyse-duesseldorf.de.w020562b.kasserver.com\/cms\/cms\/?page_id=19"},"modified":"2024-07-06T22:36:10","modified_gmt":"2024-07-06T20:36:10","slug":"ipd","status":"publish","type":"page","link":"https:\/\/www.psychoanalyse-duesseldorf.de\/?page_id=19","title":{"rendered":"\u00dcber das IPD"},"content":{"rendered":"\n<div class=\"wp-block-columns alignwide is-layout-flex wp-container-core-columns-is-layout-d0b3c9c8 wp-block-columns-is-layout-flex\">\n<div class=\"wp-block-column is-layout-flow wp-block-column-is-layout-flow\">\n<div class=\"wp-block-columns tw-cols-card tw-cols-card-shadow is-layout-flex wp-container-core-columns-is-layout-d0b3c9c8 wp-block-columns-is-layout-flex\">\n<div class=\"wp-block-column is-layout-flow wp-block-column-is-layout-flow\" style=\"--col-width:100%;flex-basis:100%\">\n<p>Das Institut f\u00fcr Psychoanalyse und Psychotherapie D\u00fcsseldorf e.V. wurde 1981 unter der Leitung von Frau Prof. Annelise Heigl-Evers gegr\u00fcndet. Seither gibt es auch eine enge Verbindung des Instituts mit der Klinik und dem Klinischen Institut f\u00fcr Psychosomatik und Psychotherapie der Heinrich-Heine-Universit\u00e4t D\u00fcsseldorf.<\/p>\n\n\n\n<p>Das Institut, das sich zun\u00e4chst der Weiterbildung in analytischer und tiefenpsychologisch fundierter Psychotherapie widmete, wurde 1993 durch eine Abteilung f\u00fcr die Ausbildung in analytischer Kinder- und Jugendlichenpsychotherapie erweitert und ist seit 2000 als staatliche Ausbildungsst\u00e4tte nach dem PsychThG (1998) anerkannt.<\/p>\n\n\n\n<p>Das Institut ist sowohl von der <a href=\"https:\/\/dgpt.de\/\" target=\"_blank\" rel=\"noreferrer noopener\">DGPT<\/a> (Deutsche Gesellschaft f\u00fcr Psychoanalyse, Psychotherapie, Psychosomatik und Tiefenpsychologie) wie auch von der <a href=\"https:\/\/www.vakjp.de\/\" target=\"_blank\" rel=\"noreferrer noopener\">VAKJP<\/a> (Vereinigung f\u00fcr analytischer und tiefenpsychologische Kinder- und Jugendlichen-Psychotherapie in Deutschland) anerkannt. Die Anerkennung der \u00c4rztekammer Nordrhein f\u00fcr die \u00e4rztliche Zusatz-Weiterbildung Psychoanalyse und Psychotherapie liegt ebenfalls vor.<\/p>\n\n\n\n<p>Das IPD geh\u00f6rt zum Netzwerk Freie Institute f\u00fcr Psychoanalyse und Psychotherapie (<a href=\"https:\/\/www.nfip-online.de\/\" target=\"_blank\" rel=\"noreferrer noopener\">NFIP<\/a>), das als Zusammenschluss der keiner anderen Fachgesellschaft angeh\u00f6renden Institute in der Satzung der DGPT verankert ist.<\/p>\n\n\n\n<p>Das Selbstverst\u00e4ndnis des Instituts ist, die psychoanalytische Tradition in Gestalt der Psychoanalyse Freuds zu erhalten und dabei die Weiterentwicklungen im Bereich der psychoanalytischen Konzepte wie der verschiedenen Anwendungsformen der Psychoanalyse (Tiefenpsychologisch fundierte Psychotherapie, tiefenpsychologische und analytische Gruppentherapie) aufzunehmen und miteinander zu verbinden.<\/p>\n<\/div>\n<\/div>\n<\/div>\n\n\n\n<div class=\"wp-block-column is-layout-flow wp-block-column-is-layout-flow\">\n<div class=\"wp-block-columns tw-cols-card tw-cols-card-shadow is-layout-flex wp-container-core-columns-is-layout-d0b3c9c8 wp-block-columns-is-layout-flex\">\n<div style=\"--col-width:px;\" class=\"wp-block-column is-layout-flow wp-block-column-is-layout-flow\">\n<figure class=\"wp-block-image size-full\"><img loading=\"lazy\" decoding=\"async\" width=\"1024\" height=\"683\" src=\"https:\/\/www.psychoanalyse-duesseldorf.de\/cms\/wp-content\/uploads\/2024\/04\/IPD_419_Blumen_3.jpg\" alt=\"\" class=\"wp-image-4356\" srcset=\"https:\/\/www.psychoanalyse-duesseldorf.de\/cms\/wp-content\/uploads\/2024\/04\/IPD_419_Blumen_3.jpg 1024w, https:\/\/www.psychoanalyse-duesseldorf.de\/cms\/wp-content\/uploads\/2024\/04\/IPD_419_Blumen_3-300x200.jpg 300w, https:\/\/www.psychoanalyse-duesseldorf.de\/cms\/wp-content\/uploads\/2024\/04\/IPD_419_Blumen_3-768x512.jpg 768w\" sizes=\"auto, (max-width: 1024px) 100vw, 1024px\" \/><\/figure>\n<\/div>\n<\/div>\n<\/div>\n<\/div>\n","protected":false},"excerpt":{"rendered":"<p>Das Institut f\u00fcr Psychoanalyse und Psychotherapie D\u00fcsseldorf e.V. wurde 1981 unter der Leitung von Frau Prof. Annelise Heigl-Evers gegr\u00fcndet. Seither gibt es auch eine enge Verbindung des Instituts mit der Klinik und dem Klinischen Institut f\u00fcr Psychosomatik und Psychotherapie der Heinrich-Heine-Universit\u00e4t D\u00fcsseldorf. Das Institut, das sich zun\u00e4chst der Weiterbildung in analytischer und tiefenpsychologisch fundierter Psychotherapie&hellip; <a class=\"more-link\" href=\"https:\/\/www.psychoanalyse-duesseldorf.de\/?page_id=19\"><span class=\"screen-reader-text\">\u00dcber das IPD<\/span> weiterlesen<\/a><\/p>\n","protected":false},"author":1,"featured_media":0,"parent":0,"menu_order":3,"comment_status":"closed","ping_status":"closed","template":"","meta":{"footnotes":""},"class_list":["post-19","page","type-page","status-publish","hentry","entry"],"_links":{"self":[{"href":"https:\/\/www.psychoanalyse-duesseldorf.de\/index.php?rest_route=\/wp\/v2\/pages\/19","targetHints":{"allow":["GET"]}}],"collection":[{"href":"https:\/\/www.psychoanalyse-duesseldorf.de\/index.php?rest_route=\/wp\/v2\/pages"}],"about":[{"href":"https:\/\/www.psychoanalyse-duesseldorf.de\/index.php?rest_route=\/wp\/v2\/types\/page"}],"author":[{"embeddable":true,"href":"https:\/\/www.psychoanalyse-duesseldorf.de\/index.php?rest_route=\/wp\/v2\/users\/1"}],"replies":[{"embeddable":true,"href":"https:\/\/www.psychoanalyse-duesseldorf.de\/index.php?rest_route=%2Fwp%2Fv2%2Fcomments&post=19"}],"version-history":[{"count":16,"href":"https:\/\/www.psychoanalyse-duesseldorf.de\/index.php?rest_route=\/wp\/v2\/pages\/19\/revisions"}],"predecessor-version":[{"id":4979,"href":"https:\/\/www.psychoanalyse-duesseldorf.de\/index.php?rest_route=\/wp\/v2\/pages\/19\/revisions\/4979"}],"wp:attachment":[{"href":"https:\/\/www.psychoanalyse-duesseldorf.de\/index.php?rest_route=%2Fwp%2Fv2%2Fmedia&parent=19"}],"curies":[{"name":"wp","href":"https:\/\/api.w.org\/{rel}","templated":true}]}}

Über das IPD

<div class="wp-block-columns alignwide is-layout-flex wp-container-core-columns-is-layout-d0b3c9c8 wp-block-columns-is-layout-flex">
<div class="wp-block-column is-layout-flow wp-block-column-is-layout-flow">
<div class="wp-block-columns tw-cols-card tw-cols-card-shadow is-layout-flex wp-container-core-columns-is-layout-d0b3c9c8 wp-block-columns-is-layout-flex">
<div class="wp-block-column is-layout-flow wp-block-column-is-layout-flow" style="--col-width:100%;flex-basis:100%">
<p>Das Institut für Psychoanalyse und Psychotherapie Düsseldorf e.V. wurde 1981 unter der Leitung von Frau Prof. Annelise Heigl-Evers gegründet. Seither gibt es auch eine enge Verbindung des Instituts mit der Klinik und dem Klinischen Institut für Psychosomatik und Psychotherapie der Heinrich-Heine-Universität Düsseldorf.</p>



<p>Das Institut, das sich zunächst der Weiterbildung in analytischer und tiefenpsychologisch fundierter Psychotherapie widmete, wurde 1993 durch eine Abteilung für die Ausbildung in analytischer Kinder- und Jugendlichenpsychotherapie erweitert und ist seit 2000 als staatliche Ausbildungsstätte nach dem PsychThG (1998) anerkannt.</p>



<p>Das Institut ist sowohl von der <a href="https://dgpt.de/" target="_blank" rel="noreferrer noopener">DGPT</a> (Deutsche Gesellschaft für Psychoanalyse, Psychotherapie, Psychosomatik und Tiefenpsychologie) wie auch von der <a href="https://www.vakjp.de/" target="_blank" rel="noreferrer noopener">VAKJP</a> (Vereinigung für analytischer und tiefenpsychologische Kinder- und Jugendlichen-Psychotherapie in Deutschland) anerkannt. Die Anerkennung der Ärztekammer Nordrhein für die ärztliche Zusatz-Weiterbildung Psychoanalyse und Psychotherapie liegt ebenfalls vor.</p>



<p>Das IPD gehört zum Netzwerk Freie Institute für Psychoanalyse und Psychotherapie (<a href="https://www.nfip-online.de/" target="_blank" rel="noreferrer noopener">NFIP</a>), das als Zusammenschluss der keiner anderen Fachgesellschaft angehörenden Institute in der Satzung der DGPT verankert ist.</p>



<p>Das Selbstverständnis des Instituts ist, die psychoanalytische Tradition in Gestalt der Psychoanalyse Freuds zu erhalten und dabei die Weiterentwicklungen im Bereich der psychoanalytischen Konzepte wie der verschiedenen Anwendungsformen der Psychoanalyse (Tiefenpsychologisch fundierte Psychotherapie, tiefenpsychologische und analytische Gruppentherapie) aufzunehmen und miteinander zu verbinden.</p>
</div>
</div>
</div>



<div class="wp-block-column is-layout-flow wp-block-column-is-layout-flow">
<div class="wp-block-columns tw-cols-card tw-cols-card-shadow is-layout-flex wp-container-core-columns-is-layout-d0b3c9c8 wp-block-columns-is-layout-flex">
<div style="--col-width:px;" class="wp-block-column is-layout-flow wp-block-column-is-layout-flow">
<figure class="wp-block-image size-full"><img loading="lazy" decoding="async" width="1024" height="683" src="https://www.psychoanalyse-duesseldorf.de/cms/wp-content/uploads/2024/04/IPD_419_Blumen_3.jpg" alt="" class="wp-image-4356" srcset="https://www.psychoanalyse-duesseldorf.de/cms/wp-content/uploads/2024/04/IPD_419_Blumen_3.jpg 1024w, https://www.psychoanalyse-duesseldorf.de/cms/wp-content/uploads/2024/04/IPD_419_Blumen_3-300x200.jpg 300w, https://www.psychoanalyse-duesseldorf.de/cms/wp-content/uploads/2024/04/IPD_419_Blumen_3-768x512.jpg 768w" sizes="auto, (max-width: 1024px) 100vw, 1024px" /></figure>
</div>
</div>
</div>
</div>

<p>Das Institut für Psychoanalyse und Psychotherapie Düsseldorf e.V. wurde 1981 unter der Leitung von Frau Prof. Annelise Heigl-Evers gegründet. Seither gibt es auch eine enge Verbindung des Instituts mit der Klinik und dem Klinischen Institut für Psychosomatik und Psychotherapie der Heinrich-Heine-Universität Düsseldorf. Das Institut, das sich zunächst der Weiterbildung in analytischer und tiefenpsychologisch fundierter Psychotherapie&hellip; <a class="more-link" href="https://www.psychoanalyse-duesseldorf.de/?page_id=19"><span class="screen-reader-text">Über das IPD</span> weiterlesen</a></p>
